 units digit of i?
3
Let l(o) = -o + 15. Let k be l(9). Let p be ((-3)/2)/(k/(-8)). Suppose -5*i + 49 = -4*z, 2*i - 10 = -p*z + 6. What is the units digit of i?
9
Suppose 0 = -c + 6 + 12. Let z = c - 11. What is the units digit of z?
7
What is the units digit of 27/7 + 7*(-4)/(-196)?
4
What is the units digit of 6/(-5)*(-150)/12?
5
Suppose 3*z - 3 = 0, -5*g = 3*z - 78 - 130. What is the units digit of g?
1
Let t(m) = 5*m + 11. Let y(l) = l + 1. Let n(r) = t(r) - 4*y(r). Let u be n(-5). Suppose 3*b - 45 = -5*i, 2*i - i - u*b = -4. What is the units digit of i?
6
Let r(v) = v**3 + 4*v**2 + v - 4. Let x be r(-3). What is the units digit of x/8 - 19/(-4)?
5
Suppose 20 = 5*i + n, -3*n = -4*n + 5. Let f = 14 - i. What is the tens digit of f?
1
Let w = 9 - -5. Let v = w - 11. What is the units digit of v?
3
Let q(u) = u**3 - 8*u**2 + u - 7. Let c be q(8). Suppose 3*b - c = i + 1, -4*i = 2*b - 34. What is the units digit of i?
7
Let o = 35 + -5. What is the units digit of o?
0
Let h = 222 - 132. What is the units digit of h?
0
Let v = -28 + 58. What is the units digit of v?
0
Let c(q) = 16*q**3 + 1. What is the units digit of c(1)?
7
Let o(b) be the first derivative of 9*b**2 + 2*b - 7. What is the tens digit of o(2)?
3
What is the hundreds digit of ((-121)/(-2))/(1/8*4)?
1
Suppose 0 = 3*p + 7*p - 680. What is the tens digit of p?
6
Suppose 0 = -5*r + 5*q + 175, -3*r - 5*q + 188 = 59. What is the tens digit of r?
3
Let q be (9/2)/(10/160). Suppose q = 2*d + d. What is the units digit of d?
4
Let o(r) = 2*r + 15*r**2 - 5 + 6 - 2. What is the tens digit of o(1)?
1
Let z = 5 + 10. What is the units digit of z?
5
What is the units digit of (-47)/(-3) + (-20)/(-15)?
7
Suppose -11*u = -7*u - 700. What is the units digit of u?
5
Let v(i) = i**3 - i**2 - 2*i + 1. What is the units digit of v(0)?
1
Suppose -60 = -4*h + 28. What is the units digit of h?
2
Suppose -1 = -n + 5*d, d + 3 = -n + 4. Let v(o) = -7 + 2*o + 2 + 4 + 11*o**2. What is the units digit of v(n)?
2
Suppose -v = -6*v + 240. Let q = v - 21. What is the tens digit of q?
2
Suppose -27 = -5*k - 0*k + t, -4*k + 5*t = -30. Let o(s) = s**3 - 5*s**2 + 4*s. Let y be o(k). Suppose 5*v - 3*v = y. What is the tens digit of v?
1
Let w(j) = -j**3 + 6*j**2 - 5*j + 5. Let l be 10/55 + 53/11. Let h be w(l). Suppose -5*g + 3*s = -10, 3*g = h*g + s - 15. What is the units digit of g?
5
Suppose 7*v - 2*y + 112 = 2*v, 0 = 4*v + 2*y + 86. Let t = v + 33. What is the tens digit of t?
1
Suppose -158 = -16*t + 258. What is the tens digit of t?
2
Let p be (-6)/(-9) - 21/(-9). Suppose -r + 9 = -x - 2*x, p*r - 2*x - 20 = 0. Suppose r*g = 7*g - 2. What is the units digit of g?
2
Let l(q) = -30*q + 2. Suppose 5 = x - 0, -5*x = -3*r - 28. What is the units digit of l(r)?
2
Suppose -3*r + 51 = -0*r. What is the units digit of r?
7
What is the tens digit of 178 - (2/(-1) + 0)?
8
What is the tens digit of ((-40)/(-12))/(2/78)?
3
Let m = 168 - 90. What is the units digit of m?
8
Suppose -5*d = -2*z - 0*z, -3*d = -z. Suppose g = 3*l - d*g - 74, 0 = l - 2*g - 23. What is the units digit of l?
5
Suppose 0 = 5*p - 2*p - 90. What is the tens digit of p?
3
Let n be -20*-2*(-1)/(-4). Suppose 5*x = -4*d - n, 5*x - 3*d - 15 = 10. What is the units digit of x?
2
Suppose 2*z = 7 + 3. Let k = z - -7. What is the units digit of k?
2
Let n(r) = 1. Let k(p) = 2*p + 7. Let w(l) = -k(l) + 5*n(l). Let g be (-8)/(-28) - (-23)/(-7). What is the units digit of w(g)?
4
Let n(b) be the first derivative of b**4/4 + 4*b**3/3 + 5*b**2/2 + 2*b - 2. Let x be n(-3). What is the tens digit of 18 - (-2)/(x/6)?
1
Suppose 3*d = 2*l + 381, d + l = -0*d + 122. What is the tens digit of d?
2
Let h(q) = -7*q - 6. Let l(r) = -r + 1. Let o(s) = h(s) + 6*l(s). What is the units digit of o(-1)?
3
Let d(h) = h**3 - 3*h**2 + 4*h - 2. Let t be d(2). Suppose t*m = -0*m + 34. Suppose 0 = k + 5 - m. What is the tens digit of k?
1
Suppose -4*q + 804 = -376. What is the tens digit of q?
9
Let o(k) = 4*k**2 - 1. Let w be o(1). Suppose -w = y + 2*s, 3*y - 2 = -4*s - 3. Suppose -y*j + 43 = -2*j + 5*i, -55 = -5*j - 5*i. What is the units digit of j?
6
Let t(c) = -c**3 - 9*c**2 + c + 13. Suppose -3*i = -o - 21, -5*o + 3*i = -0*o + 57. What is the units digit of t(o)?
4
Suppose 0 = 11*g - 16*g + 205. What is the units digit of g?
1
Suppose -4*r + 169 = 57. Suppose -3*a = a + r. Let m(p) = -p**3 - 6*p**2 + 6*p + 9. What is the units digit of m(a)?
6
Let k = 6 - 3. Let v(y) = -y - 1. Let f(l) = l**2 + 2*l + 7. Let t(b) = f(b) + 5*v(b). What is the units digit of t(k)?
2
Suppose 2*h + 0 - 8 = 0. Suppose -5*p + h*p + 22 = 0. What is the tens digit of p?
2
Suppose -3*s + 3*h + 36 = 0, -8 = 2*s - s - 5*h. What is the tens digit of s?
1
Suppose 2*u + 4*v = -0*u + 224, 2*u + 3*v - 224 = 0. What is the tens digit of u?
1
Let o = 284 + -1. What is the tens digit of o?
8
Let p(q) = -2*q**2 - 2*q**2 + 6*q**2 - 3*q. What is the tens digit of p(4)?
2
Let z(j) = -j**3 - 3*j**2 + 2*j - 3. What is the tens digit of z(-5)?
3
Suppose -3*r + 5 = -c + 10, 5*c = -5*r + 25. Let n = -58 - -107. Suppose -4*t + n + 15 = r. What is the units digit of t?
6
Let y(u) = u**3 + u**2 - 7*u - 4. What is the tens digit of y(4)?
4
Let h be (-4 - -16) + 2/2. Suppose -g - 15 = -0*g + 2*j, -24 = 4*g - 4*j. Let r = g + h. What is the units digit of r?
4
What is the tens digit of ((-2 - -11) + -4)*(-93)/(-5)?
9
Suppose -28 + 8 = -g. What is the tens digit of g?
2
Let z(o) = 3*o + 13. Let i be z(-4). Let n(p) = -6*p**2 + 2*p + 1. Let v be n(-1). Let f = i - v. What is the units digit of f?
8
Let z = 32 - 18. Let q = 0 + z. Suppose 5*f - 1 = q. What is the units digit of f?
3
Let g(w) = w**3 - 12*w**2 - 10*w - 5. What is the tens digit of g(13)?
3
Suppose -40 = -0*b - b. Suppose 5*l + b = 4*n, -2*n + 3 = 4*l + 9. What is the units digit of n?
5
Let m be (-4)/(-10) - (-1848)/55. Let u = m - 21. What is the units digit of u?
3
Let l(x) = -4*x**3 - 4*x**2 - 4*x - 3. What is the units digit of l(-2)?
1
Suppose -4*t - 2*i = t - 361, -5*t - i + 363 = 0. What is the units digit of t?
3
Suppose r = 95 + 77. What is the tens digit of r?
7
Let t = -3 - -2. What is the units digit of (2/6)/(t/(-6))?
2
What is the tens digit of (-1 + 24)/((-2)/(-4))?
4
Let x(g) = 2*g**2 + 4*g - 1. Let l be x(3). Let c = l - 1. Suppose -3*q - 1 + c = 0. What is the units digit of q?
9
Let f(t) = 5*t - 3. Let m be f(-6). What is the units digit of (m - -2)/(3/(-3))?
1
Let s = 55 - 39. What is the tens digit of s?
1
Suppose -3*r + 17 = 4*c, 4*r + 0*c + c = 14. Suppose -41 + 5 = -r*k. What is the units digit of 36*-3*(-2)/k?
8
Suppose 0 = -2*s - s - 27. Let f(p) = -p**3 - 9*p**2 - p + 5. What is the tens digit of f(s)?
1
Suppose -p + 40 + 15 = 3*a, 3*p - 4*a - 165 = 0. What is the tens digit of p?
5
Suppose 0 = -3*h - 2*j - 0*j + 164, 5*j = -5*h + 275. What is the tens digit of h?
5
Suppose -4*c + 11*c = 833. What is the tens digit of c?
1
Let q be 2*-3*(-4)/6. Suppose -2*t + 2*n = -18, -3*t = 4*n + 4 + q. What is the units digit of t?
4
Let f be 5 - 2 - (0 + 1). Suppose -3*u + 0*v + 43 = -f*v, 5*u = -3*v + 78. What is the units digit of u?
5
Suppose 2 = 2*b - 14. What is the units digit of b?
8
Let v(o) = -o**3 - 4*o**2 - 3*o - 19. What is the units digit of v(-6)?
1
Let l be -1 - (-2 - -5) - 1. Let s = 7 + l. What is the units digit of s?
2
Let w(a) = a. What is the units digit of w(5)?
5
Suppose 4*i - a - 664 = 0, -3*i + 5*a = 4*a - 498. What is the tens digit of i?
6
Let y(g) = 44*g + 4. What is the hundreds digit of y(7)?
3
Suppose -176 + 16 = -5*i. What is the units digit of i?
2
What is the tens digit of ((-24)/(-10))/1*5?
1
Let m(x) = -x**3 + 3*x**2 + 6*x - 3. Let r = -6 - -10. Suppose 4*b = v - r, -v + 6 = -b + 2. What is the units digit of m(v)?
5
Suppose -2*r - x + 8 = 0, -2*r + 5*x = r + 14. What is the units digit of -3 + 5 + r*3?
8
Let u be 2/1 + 0/2. Suppose -u*f + 0*f = -10. What is the units digit of f?
5
Suppose 3*i - 9 = -39. What is the tens digit of (i/4)/((-2)/12)?
1
Let z be 36/21 - (-2)/7. Suppose 4*y - 3*r - 33 = 0, z*r - 11 = 3*y - 4*y. What is the units digit of y?
9
Let t be (-4)/(-24) - 303/(-18). Let v = t - -8. What is the units digit of v?
5
Let l(z) = 9*z + 1. Let w(u) = 4*u. Let o(c) = 2*l(c) - 5*w(c). Let j be o(-7). 